ded by 4776.
913
Calculate the remainder when 274131100 is divided by 17.
14
Calculate the remainder when 17823279 is divided by 134.
73
What is the remainder when 79459 is divided by 142?
81
What is the remainder when 273704 is divided by 223?
83
What is the remainder when 95614 is divided by 4481?
1513
What is the remainder when 10287225 is divided by 1757?
1747
Calculate the remainder when 21305588 is divided by 84.
80
What is the remainder when 3951212 is divided by 701?
376
Calculate the remainder when 34193 is divided by 1743.
1076
Calculate the remainder when 339154 is divided by 54.
34
Calculate the remainder when 99629 is divided by 1013.
355
What is the remainder when 2164471 is divided by 42?
1
Calculate the remainder when 4604031 is divided by 4.
3
Calculate the remainder when 4104189 is divided by 128.
125
What is the remainder when 1393259 is divided by 199036?
7
Calculate the remainder when 1586000 is divided by 1727.
614
Calculate the remainder when 12492 is divided by 3848.
948
What is the remainder when 43048 is divided by 13976?
1120
What is the remainder when 54868 is divided by 2738?
108
What is the remainder when 3339106 is divided by 4?
2
What is the remainder when 628062 is divided by 255?
252
What is the remainder when 2135030 is divided by 1400?
30
What is the remainder when 141010 is divided by 70380?
250
What is the remainder when 7953 is divided by 1790?
793
Calculate the remainder when 395688 is divided by 37.
10
Calculate the remainder when 699114 is divided by 1278.
48
Calculate the remainder when 10460592 is divided by 2092073.
227
Calculate the remainder when 15715 is divided by 1388.
447
What is the remainder when 1242147 is divided by 27002?
55
Calculate the remainder when 3790222 is divided by 4058.
50
Calculate the remainder when 2402745 is divided by 1529.
686
Calculate the remainder when 1134878 is divided by 377805.
1463
What is the remainder when 5262214 is divided by 1109?
9
Calculate the remainder when 16715601 is divided by 105.
21
What is the remainder when 142777 is divided by 15855?
82
What is the remainder when 1923620247 is divided by 44?
43
Calculate the remainder when 10848796 is divided by 1205416.
52
Calculate the remainder when 30641685 is divided by 66.
63
What is the remainder when 151249567 is divided by 747?
742
What is the remainder when 1629963 is divided by 6680?
43
What is the remainder when 11688895 is divided by 89?
80
Calculate the remainder when 469704 is divided by 468976.
728
Calculate the remainder when 3383408 is divided by 64.
48
What is the remainder when 432105 is divided by 547?
522
Calculate the remainder when 6994604 is divided by 332.
28
Calculate the remainder when 315403 is divided by 8943.
2398
Calculate the remainder when 1117854 is divided by 5013.
4968
Calculate the remainder when 3188481 is divided by 33.
21
What is the remainder when 144560516 is divided by 48186831?
23
Calculate the remainder when 3797 is divided by 2149.
1648
What is the remainder when 7429713 is divided by 114?
105
Calculate the remainder when 91260 is divided by 138.
42
What is the remainder when 17464366 is divided by 2590?
2586
Calculate the remainder when 2332650 is divided by 305.
10
What is the remainder when 123692 is divided by 5887?
65
What is the remainder when 74617941 is divided by 4513?
4512
What is the remainder when 1979888 is divided by 949?
274
What is the remainder when 2820534 is divided by 28?
10
Calculate the remainder when 170640 is divided by 414.
72
What is the remainder when 156538 is divided by 154646?
1892
Calculate the remainder when 1501376 is divided by 2686.
2588
Calculate the remainder when 225890 is divided by 123.
62
What is the remainder when 152866940 is divided by 107?
106
Calculate the remainder when 2341323 is divided by 11421.
18
What is the remainder when 8615685 is divided by 5865?
0
What is the remainder when 1176296 is divided by 132?
44
What is the remainder when 41934019 is divided by 2442?
2437
What is the remainder when 2647021 is divided by 8?
5
What is the remainder when 74777 is divided by 8268?
365
Calculate the remainder when 49446 is divided by 1695.
291
What is the remainder when 245512 is divided by 2081?
2035
What is the remainder when 25113702 is divided by 35075?
2
Calculate the remainder when 17848906 is divided by 924.
922
What is the remainder when 4119274 is divided by 84?
82
What is the remainder when 83658 is divided by 1646?
1358
Calculate the remainder when 4158928 is divided by 377.
241
What is the remainder when 37663596 is divided by 4101?
12
Calculate the remainder when 1900824 is divided by 38790.
114
Calculate the remainder when 92414 is divided by 7553.
1778
Calculate the remainder when 64474 is divided by 16099.
78
Calculate the remainder when 693431 is divided by 10197.
35
What is the remainder when 125717 is divided by 61309?
3099
What is the remainder when 22413346 is divided by 5693?
5
Calculate the remainder when 81196751 is divided by 336.
335
Calculate the remainder when 875554 is divided by 67276.
966
Calculate the remainder when 1923399 is divided by 977.
663
Calculate the remainder when 16915621 is divided by 4228899.
25
Calculate the remainder when 2442162 is divided by 1268.
1262
Calculate the remainder when 486491 is divided by 11295.
806
Calculate the remainder when 3060650 is divided by 4070.
10
What is the remainder when 68564 is divided by 66820?
1744
Calculate the remainder when 882040 is divided by 549.
346
What is the remainder when 86309 is divided by 28669?
302
What is the remainder when 1215879 is divided by 205?
24
Calculate the remainder when 19460447 is divided by 742.
13
Calculate the remainder when 37624 is divided by 3225.
2149
Calculate the remainder when 168860 is divided by 292.
84
What is the remainder when 146560 is divided by 47865?
2965
Calculate the remainder when 186026 is divided by 22221.
8258
Calculate the remainder when 840963 is divided by 14.
11
What is the remainder when 451740 is divided by 190?
110
Calculate the remainder when 1612005 is divided by 1000.
5
Calculate the remainder when 162973596 is divided by 80.
76
Calculate the remainder when 69852 is divided by 3288.
804
What is the remainder when 4623266 is divided by 1256?
1186
Calculate the remainder when 1916427731 is divided by 67.
65
What is the remainder when 6870978 is divided by 687097?
8
What is the remainder when 124515 is divided by 490?
55
What is the remainder when 55162632 is divided by 410?
2
What is the remainder when 1668185 is divided by 3611?
3514
What is the remainder when 1660714 is divided by 3110?
3084
Calculate the remainder when 1550452 is divided by 217.
204
Calculate the remainder when 4669202 is divided by 33.
32
Calculate the remainder when 29520 is divided by 1975.
1870
Calculate the remainder when 24621839 is divided by 40.
39
Calculate the remainder when 45032 is divided by 583.
141
Calculate the remainder when 8609509 is divided by 711.
10
What is the remainder when 151987 is divided by 322?
3
What is the remainder when 8400 is divided by 703?
667
What is the remainder when 34433 is divided by 985?
943
Calculate the remainder when 197682 is divided by 4032.
114
What is the remainder when 1916054 is divided by 20?
14
What is the remainder when 49246360 is divided by 49246359?
1
Calculate the remainder when 1191760 is divided by 22486.
2
What is the remainder when 9435630 is divided by 943557?
60
What is the remainder when 132534 is divided by 1070?
924
What is the remainder when 54384021 is divided by 54384012?
9
Calculate the remainder when 3393961 is divided by 392.
25
Calculate the remainder when 808416 is divided by 1334.
12
What is the remainder when 1946298 is divided by 25?
23
What is the remainder when 221183 is divided by 10197?
7046
What is the remainder when 11701609 is divided by 34?
33
What is the remainder when 213985 is divided by 71139?
568
What is the remainder when 31222 is divided by 994?
408
What is the remainder when 62834263 is divided by 294?
289
Calculate the remainder when 1952777 is divided by 182.
99
What is the remainder when 47056 is divided by 295?
151
What is the remainder when 1633650 is divided by 108901?
135
What is the remainder when 18510055 is 